31514 a multiple of 1432?
False
Does 12 divide 269143896?
True
Does 1239 divide 1042469820?
True
Is 384414598 a multiple of 18?
False
Is 217877280 a multiple of 3936?
True
Is 3 a factor of 128020057?
False
Does 26 divide 3763032?
True
Is 35770956 a multiple of 156?
True
Does 9 divide 77302248?
False
Does 45 divide 4553419184?
False
Does 1631 divide 426314042?
True
Is 9 a factor of 5260756?
False
Does 5 divide 100397388?
False
Is 4344012845 a multiple of 433?
False
Is 1883 a factor of 749160965?
True
Is 604 a factor of 144968456?
True
Is 238132960 a multiple of 416?
True
Is 113 a factor of 108943639?
True
Does 332 divide 3369196?
False
Does 241 divide 954732827?
True
Does 132 divide 5287524?
True
Is 124944015 a multiple of 615?
True
Does 1024 divide 3152324?
False
Is 181 a factor of 880561018?
True
Is 1094 a factor of 745957028?
True
Does 20 divide 486903280?
True
Is 1089 a factor of 584748699?
False
Is 7 a factor of 30944221?
True
Is 29982139 a multiple of 682?
False
Is 17894431 a multiple of 11?
False
Is 566886257 a multiple of 15?
False
Does 6615 divide 688575195?
True
Is 1418940600 a multiple of 200?
True
Does 433 divide 2697404676?
True
Is 296 a factor of 8063164?
False
Is 1250 a factor of 14107500?
True
Is 88377039 a multiple of 6?
False
Is 2548 a factor of 46754143?
False
Does 103 divide 142631928?
True
Does 11 divide 28425728?
False
Does 122 divide 509007302?
True
Is 75 a factor of 117499569?
False
Does 3980 divide 568248480?
True
Is 57534352 a multiple of 415?
False
Is 2 a factor of 50469970?
True
Is 626 a factor of 7822496?
True
Is 175431636 a multiple of 513?
True
Is 170016112 a multiple of 891?
False
Is 14 a factor of 972644?
False
Is 275236553 a multiple of 8?
False
Is 124 a factor of 435324938?
False
Does 14 divide 529828285?
False
Does 1275 divide 139915460?
False
Is 201875308 a multiple of 76?
False
Is 126323260 a multiple of 28?
True
Is 284897592 a multiple of 28?
True
Is 16 a factor of 35986640?
True
Is 17 a factor of 13515103?
False
Does 16 divide 80838365?
False
Is 911302753 a multiple of 1426?
False
Is 48 a factor of 23466432?
True
Is 44731266 a multiple of 86?
True
Does 435 divide 90951540?
True
Is 9 a factor of 263448183?
False
Does 28 divide 60159624?
True
Does 32 divide 70902178?
False
Is 19580328 a multiple of 102?
True
Is 1581 a factor of 657528414?
True
Does 259 divide 371220435?
False
Is 40305312 a multiple of 659?
False
Is 5 a factor of 32487560?
True
Is 18 a factor of 304875534?
False
Does 211 divide 527946182?
False
Does 11 divide 72794613?
False
Is 1925298254 a multiple of 41?
True
Is 34 a factor of 340769072?
False
Is 1089 a factor of 3715668?
True
Is 78 a factor of 1432625947?
False
Is 9192740 a multiple of 10?
True
Does 83 divide 1106869430?
False
Is 142787919 a multiple of 1096?
False
Is 150 a factor of 8460450?
True
Is 97050767 a multiple of 373?
False
Does 1094 divide 76599692?
True
Does 20 divide 126031380?
True
Is 29 a factor of 166022940?
False
Is 40 a factor of 6400200?
True
Is 736 a factor of 217119264?
True
Is 25 a factor of 339189574?
False
Is 19 a factor of 1112654142?
False
Is 79643135 a multiple of 452?
False
Does 112 divide 59667839?
False
Is 1079692 a multiple of 15?
False
Is 415 a factor of 46265445?
True
Is 10611 a factor of 1487927475?
True
Is 19 a factor of 4981489274?
True
Is 55522571 a multiple of 70?
False
Is 307354644 a multiple of 1044?
True
Does 939 divide 41218344?
True
Does 1313 divide 91584834?
False
Does 2 divide 2154457?
False
Does 52 divide 6620172?
True
Is 478 a factor of 37490500?
False
Is 3552 a factor of 80005248?
True
Is 10 a factor of 503684360?
True
Does 173 divide 30739791?
False
Does 557 divide 449884041?
False
Is 22 a factor of 219157180?
True
Is 3 a factor of 8877716?
False
Is 428759270 a multiple of 1535?
True
Does 1644 divide 114404864?
False
Does 10 divide 26443335?
False
Does 96 divide 28344960?
True
Is 495431114 a multiple of 352?
False
Is 81 a factor of 193152144?
False
Is 13940749 a multiple of 8?
False
Is 18 a factor of 62510490?
True
Is 1300 a factor of 30591600?
True
Is 19 a factor of 51317499?
True
Does 875 divide 15008000?
True
Does 42 divide 211633090?
False
Is 168 a factor of 34772304?
True
Does 53 divide 649488559?
False
Is 8722740 a multiple of 260?
True
Does 6 divide 121545385?
False
Is 14012510 a multiple of 18?
False
Is 206000558 a multiple of 5340?
False
Is 1998124612 a multiple of 3518?
False
Does 543 divide 2431764684?
True
Does 21 divide 45628863?
True
Does 151 divide 1529674243?
True
Is 11102715 a multiple of 195?
True
Is 300 a factor of 11041200?
True
Does 5 divide 15305650?
True
Is 23446722 a multiple of 1217?
True
Does 17 divide 3040433?
True
Is 355 a factor of 50478799?
False
Is 797913794 a multiple of 309?
False
Does 461 divide 35903602?
True
Is 126 a factor of 4406946642?
True
Is 7509936 a multiple of 98?
True
Is 7205229 a multiple of 17?
True
Is 657 a factor of 346395145?
False
Is 510790526 a multiple of 2906?
True
Is 294 a factor of 4983205?
False
Does 2 divide 800568?
True
Is 17 a factor of 86328754?
True
Is 408166495 a multiple of 2143?
True
Is 16 a factor of 4715391646?
False
Is 16 a factor of 318214416?
True
Is 97499171 a multiple of 31?
False
Is 400797424 a multiple of 44?
False
Is 10 a factor of 122146089?
False
Does 8 divide 14247160?
True
Is 37 a factor of 759019917?
False
Does 15 divide 772348359?
False
Is 462903147 a multiple of 1533?
True
Is 6 a factor of 3476571?
False
Is 2831460 a multiple of 12?
True
Is 6 a factor of 22901214?
True
Is 8 a factor of 2817632?
True
Does 8003 divide 317975196?
True
Is 7 a factor of 557653257?
True
Is 4066920 a multiple of 12?
True
Is 105917627 a multiple of 12?
False
Does 66 divide 2085581956?
False
Is 22836480 a multiple of 57?
True
Is 2293045054 a multiple of 427?
False
Is 2123 a factor of 20739587?
True
Is 499 a factor of 501787759?
False
Is 27 a factor of 26156599?
False
Is 18 a factor of 208652630?
False
Is 1572696 a multiple of 787?
False
Is 44 a factor of 709712477?
False
Does 30 divide 198005757?
False
Is 3696966533 a multiple of 23?
False
Is 19595628 a multiple of 821?
True
Is 38 a factor of 49335438?
True
Is 2347293564 a multiple of 357?
True
Does 8 divide 12367904?
True
Does 169 divide 5735843?
False
Does 2973 divide 91999886?
False
Is 351 a factor of 52837302?
False
Does 12 divide 22339655?
False
Is 45 a factor of 458510715?
True
Is 64126501 a multiple of 263?
True
Does 3 divide 356062323?
True
Is 23 a factor of 80310066?
True
Is 271537062 a multiple of 30?
False
Does 47 divide 1989510?
True
Is 168 a factor of 3303414?
False
Is 21898536 a multiple of 66?
True
Does 11 divide 112774948?
True
Is 27 a factor of 36051966?
True
Does 3137 divide 241809371?
True
Does 102 divide 81150490?
False
Is 8459756 a multiple of 409?
True
Is 1159 a factor of 39724725?
True
Is 6123 a factor of 439227282?
True
Is 386501001 a multiple of 2571?
True
Does 8 divide 148870558?
False
Does 18 divide 688721832?
True
Is 27269219 a multiple of 5?
False
Is 85 a factor of 1562740980?
True
Is 186 a factor of 2281688473?
False
Is 100188286 a multiple of 229?
False
Is 296025570 a multiple of 135?
True
Is 17478300 a multiple of 2436?
True
Does 47 divide 2454998428?
False
Does 1147 divide 508454777?
True
Does 100 divide 247994821?
False
Is 7 a factor of 3852758?
True
Is 2542155245 a multiple of 7?
True
Is 436909220 a multiple of 773?
False
Is 1120 a factor of 28277760?
True
Does 9 divide 23562432?
True
Is 6 a factor of 12151752?
True
Is 1102148136 a multiple of 951?
True
Is 40 a factor of 122630080?
True
Is 30929184 a multiple of 936?
True
Is 30685432 a multiple of 83?
True
Is 712938574 a multiple of 1231?
True
Is 1532970822 a multiple of 1002?
True
Is 12 a factor of 1158321992?
False
Is 1504812364 a multiple of 10?
False
Is 14 a factor of 58389816?
False
Does 5 divide 13607225?
True
Is 215501488 a multiple of 39?
False
Is 196 a factor of 53317684?
True
Is 693 a factor of 174919437?
True
Does 36 divide 355066092?
True
Is 334542212 a multiple of 14?
False
Is 263261735 a multiple of 12?
False
Is 3981 a factor of 142652090?
False
Does 22 divide 62185777?
False
Does 428 divide 1320353522?
False
Does 79 divide 283111668?
True
Is 57686266 a multiple of 6?
False
Does 62 divide 35630066?
False
Does 16 divide 95332160?
Tru